What is -84 (base 12) in base 11?
-91
What is 1126 (base 12) in base 6?
12450
-126b (base 13) to base 4
-221000
What is -422 (base 10) in base 9?
-518
What is -3411 (base 5) in base 11?
-3a8
Convert -111221 (base 5) to base 12.
-2340
26088 (base 9) to base 10
17576
Convert -6614 (base 12) to base 16.
-2bf0
Convert -111a7 (base 13) to base 14.
-b46c
What is -29630 (base 10) in base 12?
-15192
-220220 (base 4) to base 10
-2600
376 (base 11) to base 7
1205
What is -2406 (base 11) in base 12?
-19a8
Convert 23624 (base 8) to base 11.
7681
Convert -cdb1 (base 15) to base 4.
-22221013
Convert 1148 (base 16) to base 13.
2024
-33313 (base 4) to base 12
-707
What is -982a (base 12) in base 15?
-4e5d
-5240 (base 8) to base 4
-222200
What is -22201 (base 3) in base 4?
-3223
What is -60610 (base 7) in base 3?
-202011201
53040 (base 6) to base 12
4180
Convert -411 (base 13) to base 5.
-10230
-4932 (base 16) to base 15
-5843
What is 4749 (base 10) in base 11?
3628
Convert 1101443 (base 5) to base 12.
abb2
What is bbbd (base 14) in base 6?
410255
What is -22343 (base 8) in base 16?
-24e3
Convert -1da (base 16) to base 10.
-474
-4214 (base 11) to base 14
-2069
Convert 22d (base 14) to base 13.
274
-2130232 (base 4) to base 16
-272e
-51e (base 16) to base 12
-912
Convert a2 (base 16) to base 7.
321
Convert -1202 (base 5) to base 4.
-2301
Convert 596 (base 15) to base 7.
3456
19266 (base 10) to base 6
225110
-262 (base 7) to base 8
-216
Convert -4140 (base 11) to base 2.
-1010101110001
What is 3643 (base 7) in base 15?
604
Convert 10718 (base 13) to base 14.
abc1
-4329 (base 13) to base 6
-111110
-248b4 (base 12) to base 14
-14160
123654 (base 7) to base 9
34453
What is 142420 (base 6) in base 9?
20523
-1034201 (base 5) to base 6
-215323
What is -70b6 (base 14) in base 16?
-4ba8
Convert 1241 (base 8) to base 4.
22201
372 (base 8) to base 13
163
-2231 (base 4) to base 11
-148
What is 20200121 (base 4) in base 10?
34841
20041 (base 5) to base 15
59b
What is 4883 (base 9) in base 15?
1129
7701 (base 10) to base 16
1e15
1340 (base 8) to base 3
1000021
Convert 428 (base 11) to base 15.
244
What is -28e (base 16) in base 8?
-1216
What is 10031 (base 9) in base 10?
6589
What is -2467 (base 12) in base 9?
-5567
1211 (base 8) to base 3
220001
-342 (base 6) to base 13
-a4
Convert -2f8a (base 16) to base 8.
-27612
Convert 96b (base 12) to base 7.
4010
-19950 (base 11) to base 13
-c839
a2c4 (base 13) to base 14
828c
Convert -2537 (base 16) to base 4.
-2110313
Convert -3b7d (base 16) to base 10.
-15229
-4334 (base 5) to base 9
-730
-2532 (base 7) to base 8
-1672
What is 1965 (base 10) in base 2?
11110101101
What is 57a9 (base 11) in base 7?
31135
-210323 (base 4) to base 13
-10ca
-241 (base 9) to base 8
-307
-87 (base 11) to base 2
-1011111
What is -3181 (base 16) in base 4?
-3012001
-1400001 (base 5) to base 7
-145000
Convert -3510 (base 8) to base 11.
-1445
What is 122343 (base 6) in base 12?
63b3
What is -1012 (base 13) in base 9?
-3027
50c (base 16) to base 7
3524
Convert 52102 (base 6) to base 15.
20d5
100110100100000 (base 2) to base 7
111364
What is -809 (base 12) in base 5?
-14121
Convert 101232 (base 4) to base 5.
14014
What is 320020 (base 4) in base 5?
103332
What is -4299 (base 11) in base 8?
-13052
What is 101110111 (base 2) in base 10?
375
Convert -5887 (base 9) to base 16.
-1114
Convert 9a4 (base 15) to base 3.
2222201
What is 10100110010001 (base 2) in base 6?
121133
-13a (base 12) to base 9
-231
Convert 1574 (base 11) to base 7.
5611
What is -2044 (base 10) in base 3?
-2210201
Convert 20e (base 15) to base 16.
1d0
Convert -2099 (base 11) to base 10.
-2770
Convert -1b0 (base 13) to base 4.
-10320
What is 104b (base 13) in base 10?
2260
Convert -1598 (base 13) to base 4.
-301133
Convert 25a8 (base 12) to base 2.
1000011010000
Convert 3117b (base 12) to base 9.
107025
Convert 10102002 (base 3) to base 9.
3362
-122 (base 14) to base 6
-1014
What is 1752 (base 12) in base 10?
2798
-1881 (base 9) to base 5
-21300
What is -1528 (base 12) in base 8?
-4660
-596 (base 12) to base 10
-834
What is 1302 (base 4) in base 5?
424
-107 (base 10) to base 4
-1223
-c3c (base 13) to base 3
-2212000
Convert 25408 (base 9) to base 5.
1021344
Convert -56b (base 12) to base 6.
-3415
-86c9 (base 13) to base 15
-5855
Convert -3b6 (base 16) to base 15.
-435
3131021 (base 4) to base 15
42d8
Convert -3541 (base 8) to base 10.
-1889
-3486 (base 10) to base 11
-268a
Convert 101011100 (base 2) to base 5.
2343
What is -45222 (base 9) in base 6?
-351115
What is -6398 (base 15) in base 2?
-101001001001100
Convert 1212110 (base 4) to base 3.
22222112
Convert 2144 (base 7) to base 12.
53b
-7045 (base 8) to base 6
-24433
-3830 (base 10) to base 11
-2972
Convert 1000010111 (base 2) to base 5.
4120
Convert 485 (base 11) to base 7.
1453
-1021102 (base 4) to base 2
-1001001010010
-17073 (base 9) to base 5
-333410
Convert 9b70 (base 12) to base 10.
17220
-415 (base 6) to base 15
-a5
Convert -19852 (base 10) to base 5.
-1113402
What is 157a (base 12) in base 5?
40132
What is 1625 (base 8) in base 14?
497
3346 (base 8) to base 14
902
Convert 23211 (base 7) to base 4.
1130301
7a0c (base 16) to base 14
b55a
5d3a (base 14) to base 3
211101110
116330 (base 8) to base 7
225030
What is 13fa (base 16) in base 15?
17ae
What is -153 (base 7) in base 12?
-73
2523 (base 8) to base 11
102a
-31436 (base 7) to base 16
-1e59
Convert 1994 (base 12) to base 10.
3136
What is -1110111 (base 2) in base 11?
-a9
17166 (base 8) to base 12
461a
186 (base 16) to base 4
12012
4545 (base 6) to base 3
1110202
11000010110 (base 2) to base 9
2121
-589b (base 13) to base 5
-344330
Convert 7b (base 16) to base 6.
323
What is 134010 (base 5) in base 6?
41253
2b4d (base 14) to base 12
4569
Convert -2b1 (base 12) to base 8.
-645
Convert 1000010101 (base 2) to base 6.
2245
1000011100110 (base 2) to base 12
2606
-1b2 (base 14) to base 7
-1012
Convert -25a3 (base 12) to base 10.
-4299
What is 7466 (base 8) in base 15?
1249
What is 1165 (base 11) in base 5?
22043
What is 7706 (base 12) in base 9?
18876
-122000121 (base 3) to base 4
-3001321
What is 1403 (base 6) in base 4?
11223
What is -10701 (base 12) in base 14?
-7cd3
38308 (base 10) to base 6
453204
-d4c6 (base 14) to base 12
-19246
What is 38786 (base 10) in base 11?
27160
1701 (base 10) to base 11
1307
What is -204031 (base 8) in base 10?
-67609
Convert -100323 (base 4) to base 10.
-1083
Convert -111101 (base 4) to base 9.
-1772
What is -1314 (base 5) in base 11?
-180
10131 (base 5) to base 4
22122
What is -28d7 (base 16) in base 4?
-2203113
-1530 (base 13) to base 14
-11a1
What is 3b4 (base 13) in base 4?
22032
Convert 4572 (base 14) to base 12.
6b88
What is -11101220 (base 3) in base 12?
-1a36
What is 112 (base 14) in base 15?
e2
d7d (base 15) to base 8
5743
Convert -20424 (base 5) to base 10.
-1364
-253a (base 14) to base 13
-2c77
Convert 2352 (base 10) to base 16.
930
Convert 2220011 (base 3) to base 5.
31420
What is 1420 (base 10) in base 5?
21140
What is 3132042 (base 5) in base 7?
305014
-24251 (base 10) to base 9
-36235
1022201200 (base 3) to base 15
7ab6
Convert 727 (base 8) to base 7.
1242
-d9 (base 16) to base 3
-22001
4970 (base 15) to base 4
3310032
Convert -313213 (base 4) to base 16.
-de7
What is -657 (base 13) in base 12?
-766
What is 510044 (base 6) in base 13?
153b8
422 (base 5) to base 4
1300
Convert -3101 (base 7) to base 15.
-4be
What is -6a8 (base 13) in base 11?
-958
What is -101100011111 (base 2) in base 9?
-3813
What is -3a89 (base 11) in base 6?
-40312
What is 212102221 (base 3) in base 13?
7a17
-148 (base 11) to base 13
-104
3024 (base 5) to base 8
605
Convert 216217 (base 8) to base 3.
10200221001
What is -10223303 (base 4) in base 9?
-28278
Convert -4012 (base 5) to base 16.
-1fb
What is 54b (base 12) in base 2?
1100001011
Convert -3010011 (base 5) to base 16.
-b992
What is -2444003 (base 5) in base 7?
-253210
-1bca (base 13) to base 6
-31314
Convert 1537 (base 11) to base 16.
7b8
-26c (base 14) to base 12
-348
103000 (base 4) to base 11
a06
What is -26632 (base 10) in base 11?
-19011
-177 (base 11) to base 12
-151
-11010 (base 2) to base 13
-20
Convert -1130 (base 8) to base 11.
-4a6
-1986 (base 10) to base 6
-13110
What is 98 (base 10) in base 8?
142